{"id":112,"date":"2015-04-21T14:23:29","date_gmt":"2015-04-21T13:23:29","guid":{"rendered":"http:\/\/www.schelle.cz\/?page_id=112"},"modified":"2015-04-23T10:11:34","modified_gmt":"2015-04-23T09:11:34","slug":"publikacni-cinnost-scripta-judr-karel-schelle-jr-ll-m","status":"publish","type":"page","link":"https:\/\/www.schelle.cz\/?page_id=112","title":{"rendered":"Scripta"},"content":{"rendered":"<h2><span class=\"nadpis4\">PUBLIKA\u010cN\u00cd \u010cINNOST &#8211; Scripta <\/h2>\n<h6>JUDr. Karel Schelle, jr., LL.M.<\/h6>\n<ol>\n<li><b>Schelle, K.,jr.<\/b> \u2013 Schelleov\u00e1, I.: <i>Zaji\u0161t\u011bn\u00ed z\u00e1vazk\u016f (\u00favodn\u00ed informace).<\/i> Brno, B.I.B.S., a.s. 2005. 28 s.<\/li>\n<li><b>Schelle, K.,jr.<\/b> (\u010dlen autor. kol.): <i>Exeku\u010dn\u00ed \u0159\u00edzen\u00ed.<\/i> Brno, B.I.B.S., a.s. 2005. 99 s.<\/li>\n<li><b> Schelle, K., jr.<\/b> \u2013 Schelleov\u00e1, I. \u2013 Schelle, K.: <i>\u00davod do sousedsk\u00e9ho pr\u00e1va.<\/i> Brno, B.I.B.S., a.s. 2005. 76 s.<\/li>\n<li><b> Schelle, K., jr.<\/b> \u2013 Schelleov\u00e1, I,. &#8211; Schelle, K.: <i>\u00davod do d\u011bdick\u00e9ho pr\u00e1va.<\/i> Brno, B.I.B.S., a.s. 2005. 67 s.<\/li>\n<li><b> Schelle, K., jr.<\/b> \u2013 Schelleov\u00e1, I. &#8211; Schelle, K.: <i>Pr\u00e1vn\u00ed postaven\u00ed v\u011b\u0159itel\u016f a dlu\u017en\u00edk\u016f.<\/i> Brno, B.I.B.S., a.s. 2005. 60 s.<\/li>\n<li><b> Schelle, K.,jr<\/b> \u2013 Schelleov\u00e1, I.: <i>Praktikum z ob\u010dansk\u00e9ho pr\u00e1va.<\/i> Ostrava, KEY Publishing 2007. 78 s. (ISBN 978-80-87071-29-8); 2. vyd. 2008, 141 s.<\/li>\n<li><b> Schelle, K., jr.<\/b> \u2013 Schelleov\u00e1, I.: <i>Praktikum z ob\u010dansk\u00e9ho pr\u00e1va procesn\u00edho.<\/i> Ostrava, KEY 2007. Publishing 2007, 122. s.<\/li>\n<li><b> Schelle, K. jr.<\/b> \u2013 Schelleov\u00e1, I.: <i>Praktikum z civiln\u00edho \u0159\u00edzen\u00ed.<\/i> Ostrava, KEY Publishing 2008. 96 s.<\/li>\n<\/ol>\n","protected":false},"excerpt":{"rendered":"<p>PUBLIKA\u010cN\u00cd \u010cINNOST &#8211; Scripta JUDr. Karel Schelle, jr., LL.M. Schelle, K.,jr. \u2013 Schelleov\u00e1, I.: Zaji\u0161t\u011bn\u00ed z\u00e1vazk\u016f (\u00favodn\u00ed informace). Brno, B.I.B.S., a.s. 2005. 28 s. Schelle, K.,jr. (\u010dlen autor. kol.): Exeku\u010dn\u00ed \u0159\u00edzen\u00ed. Brno, B.I.B.S., a.s. 2005. 99 s. Schelle, K., jr. &hellip; <a href=\"https:\/\/www.schelle.cz\/?page_id=112\">Cel\u00fd p\u0159\u00edsp\u011bvek <span class=\"meta-nav\">&rarr;<\/span><\/a><\/p>\n","protected":false},"author":1,"featured_media":0,"parent":367,"menu_order":3,"comment_status":"closed","ping_status":"closed","template":"","meta":{"footnotes":""},"class_list":["post-112","page","type-page","status-publish","hentry"],"_links":{"self":[{"href":"https:\/\/www.schelle.cz\/index.php?rest_route=\/wp\/v2\/pages\/112","targetHints":{"allow":["GET"]}}],"collection":[{"href":"https:\/\/www.schelle.cz\/index.php?rest_route=\/wp\/v2\/pages"}],"about":[{"href":"https:\/\/www.schelle.cz\/index.php?rest_route=\/wp\/v2\/types\/page"}],"author":[{"embeddable":true,"href":"https:\/\/www.schelle.cz\/index.php?rest_route=\/wp\/v2\/users\/1"}],"replies":[{"embeddable":true,"href":"https:\/\/www.schelle.cz\/index.php?rest_route=%2Fwp%2Fv2%2Fcomments&post=112"}],"version-history":[{"count":4,"href":"https:\/\/www.schelle.cz\/index.php?rest_route=\/wp\/v2\/pages\/112\/revisions"}],"predecessor-version":[{"id":465,"href":"https:\/\/www.schelle.cz\/index.php?rest_route=\/wp\/v2\/pages\/112\/revisions\/465"}],"up":[{"embeddable":true,"href":"https:\/\/www.schelle.cz\/index.php?rest_route=\/wp\/v2\/pages\/367"}],"wp:attachment":[{"href":"https:\/\/www.schelle.cz\/index.php?rest_route=%2Fwp%2Fv2%2Fmedia&parent=112"}],"curies":[{"name":"wp","href":"https:\/\/api.w.org\/{rel}","templated":true}]}}