{"id":40,"date":"2015-04-21T13:39:13","date_gmt":"2015-04-21T12:39:13","guid":{"rendered":"http:\/\/www.schelle.cz\/?page_id=40"},"modified":"2025-05-14T12:13:44","modified_gmt":"2025-05-14T11:13:44","slug":"rozhodci-dolozka","status":"publish","type":"page","link":"https:\/\/www.schelle.cz\/?page_id=40","title":{"rendered":"Rozhod\u010d\u00ed dolo\u017eka"},"content":{"rendered":"<h6>Rozhod\u010d\u00ed dolo\u017eka<\/h6>\n<p class=\"sluzby\">Smluvn\u00ed strany se podle z\u00e1kona \u010d. 216\/1994 Sb. v\u00fdslovn\u011b dohodly na tom, \u017ee ve\u0161ker\u00e9 majetkov\u00e9 spory z t\u00e9to smlouvy, jako\u017e i spory, kter\u00e9 by v budoucnu vznikly z pr\u00e1vn\u00edho vztahu zalo\u017een\u00e9ho touto smlouvou, s v\u00fdjimkou spor\u016f vznikl\u00fdch v souvislosti s exekuc\u00ed a spor\u016f vyvolan\u00fdch insolven\u010dn\u00edm \u0159\u00edzen\u00edm, pokud nebudou vy\u0159e\u0161eny vz\u00e1jemnou dohodou, je opr\u00e1vn\u011bn rozhodovat podle pr\u00e1vn\u00edho \u0159\u00e1du \u010cesk\u00e9 republiky jako rozhodce:<\/p>\n<p class=\"sluzby\"><strong><em>Doc. JUDr. Karel Schelle, CSc., <\/em><\/strong><em>se s\u00eddlem Ambro\u017eova 6, 635 00 Brno.<\/em> Rozhodce ur\u010den\u00fd touto rozhod\u010d\u00ed dolo\u017ekou bude spory rozhodovat bez \u00fastn\u00edho jedn\u00e1n\u00ed, pouze na z\u00e1klad\u011b p\u00edsemn\u00fdch materi\u00e1l\u016f p\u0159edlo\u017een\u00fdch stranami. Nebude-li v\u0161ak rozhodce p\u00edsemn\u00e9 materi\u00e1ly pova\u017eovat za dosta\u010duj\u00edc\u00ed, je opr\u00e1vn\u011bn na\u0159\u00eddit \u00fastn\u00ed jedn\u00e1n\u00ed.<\/p>\n<p class=\"sluzby\">Rozhod\u010d\u00ed \u0159\u00edzen\u00ed se bude konat dle pr\u00e1vn\u00edho \u0159\u00e1du \u010cR a bude uplatn\u011bna z\u00e1sada spravedlnosti.<\/p>\n<p class=\"sluzby\">Rozhod\u010d\u00ed n\u00e1lez nemus\u00ed b\u00fdt od\u016fvodn\u011bn. To plat\u00ed i v p\u0159\u00edpad\u011b, je-li na n\u00e1vrh kter\u00e9koli ze stran vy\u0159e\u0161en spor v pr\u016fb\u011bhu rozhod\u010d\u00edho \u0159\u00edzen\u00ed uzav\u0159en\u00edm sm\u00edru ve form\u011b rozhod\u010d\u00edho n\u00e1lezu.<\/p>\n<p class=\"sluzby\">N\u00e1klady rozhod\u010d\u00edho \u0159\u00edzen\u00ed tvo\u0159\u00ed:<br \/>\na) poplatek za rozhod\u010d\u00ed \u0159\u00edzen\u00ed \u010din\u00ed 4 % z\u00a0hodnoty p\u0159edm\u011btu sporu, nejm\u00e9n\u011b v\u0161ak 5.000,&#8211; K\u010d. Poplatek p\u0159edstavuje odm\u011bnu rozhodce;<br \/>\nb) zvl\u00e1\u0161tn\u00ed n\u00e1klady vznikl\u00e9 v\u00a0souvislosti s\u00a0projedn\u00e1v\u00e1n\u00edm a rozhodov\u00e1n\u00edm sporu v\u00a0rozhod\u010d\u00edm \u0159\u00edzen\u00ed.<\/p>\n<p class=\"sluzby\">P\u0159i rozhodov\u00e1n\u00ed o n\u00e1hrad\u011b n\u00e1klad\u016f rozhod\u010d\u00edho \u0159\u00edzen\u00ed budou p\u0159im\u011b\u0159en\u011b pou\u017eita p\u0159\u00edslu\u0161n\u00e1 ustanoveni Ob\u010dansk\u00e9ho soudn\u00edho \u0159\u00e1du.<\/p>\n<p class=\"sluzby\">Rozhod\u010d\u00ed n\u00e1lez nab\u00fdv\u00e1 dnem doru\u010den\u00ed \u00fa\u010dinku pravomocn\u00e9ho soudn\u00edho rozhodnut\u00ed a je soudn\u011b vykonateln\u00fd.<\/p>\n<p class=\"sluzby\">Nestanov\u00ed-li tato dolo\u017eka jinak, plat\u00ed z\u00e1kon \u010d. 216\/1994 Sb. Ot\u00e1zky rozhod\u010d\u00edho \u0159\u00edzen\u00ed touto rozhod\u010d\u00ed dolo\u017ekou nevymezen\u00e9 a t\u00edmto z\u00e1konem neupraven\u00e9 je opr\u00e1vn\u011bn rozhodnout ur\u010den\u00fd rozhodce s\u00e1m.<\/p>\n<h6 align=\"center\"><strong>Rozhod\u010d\u00ed dolo\u017eka<\/strong><br \/>\n<strong>(zkr\u00e1cen\u00e1 verze)<\/strong><\/h6>\n<p class=\"sluzby\">Smluvn\u00ed strany se podle z\u00e1kona \u010d. 216\/1994 Sb. v\u00fdslovn\u011b dohodly na tom, \u017ee ve\u0161ker\u00e9 majetkov\u00e9 spory z t\u00e9to smlouvy hlavn\u00ed, jako\u017e i spory, kter\u00e9 by v budoucnu vznikly z pr\u00e1vn\u00edho vztahu zalo\u017een\u00e9ho touto smlouvou, pokud nebudou vy\u0159e\u0161eny vz\u00e1jemnou dohodou, bude rozhodovat v rozhod\u010d\u00edm \u0159\u00edzen\u00ed jako rozhodce <em><strong>Doc. JUDr. Karel Schelle, CSc.<\/strong>, se s\u00eddlem Ambro\u017eova 6, 635 00 Brno.<\/em> Rozhod\u010d\u00ed \u0159\u00edzen\u00ed se bude konat dle pr\u00e1vn\u00edho \u0159\u00e1du \u010cR a bude uplatn\u011bna z\u00e1sada spravedlnosti. Rozhodce ur\u010den\u00fd touto rozhod\u010d\u00ed dolo\u017ekou bude spory rozhodovat bez \u00fastn\u00edho jedn\u00e1n\u00ed, pouze na z\u00e1klad\u011b p\u00edsemn\u00fdch materi\u00e1l\u016f p\u0159edlo\u017een\u00fdch stranami. Nebude-li v\u0161ak rozhodce p\u00edsemn\u00e9 materi\u00e1ly pova\u017eovat za dosta\u010duj\u00edc\u00ed, je opr\u00e1vn\u011bn na\u0159\u00eddit \u00fastn\u00ed jedn\u00e1n\u00ed. Rozhod\u010d\u00ed n\u00e1lez nemus\u00ed b\u00fdt od\u016fvodn\u011bn. To plat\u00ed i v p\u0159\u00edpad\u011b, je-li na n\u00e1vrh kter\u00e9koli ze stran vy\u0159e\u0161en spor v pr\u016fb\u011bhu rozhod\u010d\u00edho \u0159\u00edzen\u00ed uzav\u0159en\u00edm sm\u00edru ve form\u011b rozhod\u010d\u00edho n\u00e1lezu. Ot\u00e1zky rozhod\u010d\u00edho \u0159\u00edzen\u00ed touto rozhod\u010d\u00ed dolo\u017ekou nevymezen\u00e9 a z\u00e1konem \u010d. 216\/1994 Sb. neupraven\u00e9 je opr\u00e1vn\u011bn rozhodnout ur\u010den\u00fd rozhodce s\u00e1m.<\/p>\n<p>&nbsp;<\/p>\n<h2 align=\"center\">Rozhod\u010d\u00ed smlouva<\/h2>\n<p>&nbsp;<\/p>\n<p align=\"left\"><strong>Smluvn\u00ed strany<\/strong><\/p>\n<p><strong>\u2026\u2026\u2026\u2026\u2026\u2026\u2026\u2026..<\/strong><\/p>\n<p><strong>a<\/strong><\/p>\n<p><strong>\u2026\u2026\u2026\u2026\u2026\u2026\u2026..<\/strong>..<\/p>\n<p align=\"center\">se dohodly na t\u00e9to<\/p>\n<p align=\"center\"><strong>rozhod\u010d\u00ed smlouv\u011b<\/strong><\/p>\n<p align=\"center\"><strong>I.<\/strong><\/p>\n<p class=\"sluzby\">Spor vznikl\u00fd mezi stranami smlouvy o \u2026\u2026\u2026\u2026\u2026\u2026. plynouc\u00ed ze smlouvy \u2026\u2026\u2026\u2026\u2026\u2026\u2026, uzav\u0159en\u00e9 dne\u2026\u2026\u2026.. bude rozhodov\u00e1n v\u00a0r\u00e1mci rozhod\u010d\u00edho \u0159\u00edzen\u00ed dle z\u00e1kona \u010d. 216\/1994 Sb. na z\u00e1klad\u011b \u017ealoby podan\u00e9 smluven\u00e9mu rozhodci.<\/p>\n<p align=\"center\"><strong>II.<\/strong><\/p>\n<p class=\"sluzby\">Smluvn\u00ed strany t\u00e9to smlouvy se dohodly, \u017ee spor dle bodu I. t\u00e9to smlouvy bude rozhodovat rozhodce <em><strong>Doc. JUDr. Karel Schelle, CSc.<\/strong>, se s\u00eddlem Ambro\u017eova 6, 635 00 Brno<\/em><\/p>\n<p align=\"center\"><strong>III.<\/strong><\/p>\n<p class=\"sluzby\">Rozhodce p\u0159ij\u00edm\u00e1 funkci rozhodce p\u00edsemn\u00fdm prohl\u00e1\u0161en\u00edm, kter\u00e9 bude sou\u010d\u00e1st\u00ed rozhod\u010d\u00edho spisu.<\/p>\n<p align=\"center\"><strong>IV.<\/strong><\/p>\n<p class=\"sluzby\">Rozhod\u010d\u00ed \u0159\u00edzen\u00ed se bude konat v\u00a0m\u00edst\u011b ur\u010den\u00e9m rozhodcem, dle pr\u00e1vn\u00edho \u0159\u00e1du \u010cR a bude uplatn\u011bna z\u00e1sada spravedlnosti.<\/p>\n<p align=\"center\"><strong>N\u00e1klady rozhod\u010d\u00edho \u0159\u00edzen\u00ed tvo\u0159\u00ed<\/strong><\/p>\n<div align=\"center\">\n<ol>\n<li class=\"sluzby\">poplatek za rozhod\u010d\u00ed \u0159\u00edzen\u00ed n\u00e1le\u017eej\u00edc\u00ed rozhodci, jen\u017e \u010din\u00ed 3% z\u00a0hodnoty p\u0159edm\u011btu sporu, nejm\u00e9n\u011b v\u0161ak 5.000,&#8211; K\u010d,<\/li>\n<li class=\"sluzby\">zvl\u00e1\u0161tn\u00ed n\u00e1klady vznikl\u00e9 v\u00a0souvislosti s\u00a0projedn\u00e1v\u00e1n\u00edm a rozhodov\u00e1n\u00edm sporu v\u00a0rozhod\u010d\u00edm \u0159\u00edzen\u00ed.<\/li>\n<\/ol>\n<\/div>\n<p class=\"sluzby\">P\u0159i rozhodov\u00e1n\u00ed o n\u00e1hrad\u011b n\u00e1klad\u016f rozhod\u010d\u00edho \u0159\u00edzen\u00ed budou p\u0159im\u011b\u0159en\u011b pou\u017eita p\u0159\u00edslu\u0161n\u00e1 ustanoven\u00ed Ob\u010dansk\u00e9ho soudn\u00edho \u0159\u00e1du.<\/p>\n<p class=\"sluzby\">Strany t\u00e9to rozhod\u010d\u00ed smlouvy se dohodly, \u017ee rozhodce m\u016f\u017ee vydat ve sporu, specifikovan\u00e9m dle bodu I. t\u00e9to smlouvy, rozhod\u010d\u00ed n\u00e1lez bez na\u0159\u00edzen\u00ed \u00fastn\u00edho jedn\u00e1n\u00ed ve v\u011bci.<\/p>\n<p align=\"center\"><strong>V.<\/strong><\/p>\n<p class=\"sluzby\">Rozhod\u010d\u00ed n\u00e1lez je pro smluvn\u00ed strany kone\u010dn\u00fd a z\u00e1vazn\u00fd, dnem doru\u010den\u00ed nab\u00fdv\u00e1 \u00fa\u010dinku pravomocn\u00e9ho soudn\u00edho rozhodnut\u00ed a je soudn\u011b vykonateln\u00fd.<\/p>\n<p align=\"center\"><strong>VI.<\/strong><\/p>\n<p class=\"sluzby\">Ml\u010denlivost o v\u0161ech skute\u010dnostech souvisej\u00edc\u00edch s\u00a0rozhod\u010d\u00edm \u0159\u00edzen\u00edm je zaru\u010dena.<br \/>\nNestanov\u00ed-li tato rozhod\u010d\u00ed smlouva jinak, plat\u00ed z\u00e1kon \u010d. 216\/1994 Sb. a platn\u00e9 p\u0159edpisy na \u00fazem\u00ed \u010cR. Ot\u00e1zky rozhod\u010d\u00edho \u0159\u00edzen\u00ed touto rozhod\u010d\u00ed smlouvou nevymezen\u00e9 a z\u00e1konem \u010d. 216\/1994 Sb. neupraven\u00e9 je opr\u00e1vn\u011bn rozhodnout ur\u010den\u00fd rozhodce s\u00e1m.<\/p>\n<p align=\"center\"><strong>VII.<\/strong><\/p>\n<p class=\"sluzby\">Rozhod\u010d\u00ed smlouva je vyhotovena ve t\u0159ech stejnopisech, z\u00a0nich\u017e jedno vyhotoven\u00ed obdr\u017e\u00ed ka\u017ed\u00e1 ze smluvn\u00edch stran a jedno vyhotoven\u00ed obdr\u017e\u00ed smluven\u00fd rozhodce.<\/p>\n<p class=\"sluzby\"><em>V\u00a0Brn\u011b, dne\u2026\u2026\u2026\u2026<\/em><\/p>\n<p>&nbsp;<\/p>\n<p class=\"sluzby\"><strong><em>\u2026\u2026\u2026\u2026\u2026\u2026\u2026\u2026..\u00a0\u00a0\u00a0\u00a0\u00a0\u00a0\u00a0\u00a0\u00a0\u00a0\u00a0\u00a0\u00a0\u00a0\u00a0\u00a0\u00a0\u00a0\u00a0\u00a0\u00a0\u00a0\u00a0\u00a0\u00a0\u00a0\u00a0\u00a0\u00a0\u00a0\u00a0\u00a0\u00a0\u00a0\u00a0\u00a0\u00a0\u00a0\u00a0\u00a0\u00a0\u00a0\u00a0\u00a0\u00a0\u00a0\u00a0 \u2026\u2026\u2026\u2026\u2026\u2026\u2026\u2026\u2026\u2026.<\/em><\/strong><\/p>\n","protected":false},"excerpt":{"rendered":"<p>Rozhod\u010d\u00ed dolo\u017eka Smluvn\u00ed strany se podle z\u00e1kona \u010d. 216\/1994 Sb. v\u00fdslovn\u011b dohodly na tom, \u017ee ve\u0161ker\u00e9 majetkov\u00e9 spory z t\u00e9to smlouvy, jako\u017e i spory, kter\u00e9 by v budoucnu vznikly z pr\u00e1vn\u00edho vztahu zalo\u017een\u00e9ho touto smlouvou, s v\u00fdjimkou spor\u016f vznikl\u00fdch v &hellip; <a href=\"https:\/\/www.schelle.cz\/?page_id=40\">Cel\u00fd p\u0159\u00edsp\u011bvek <span class=\"meta-nav\">&rarr;<\/span><\/a><\/p>\n","protected":false},"author":1,"featured_media":0,"parent":36,"menu_order":3,"comment_status":"closed","ping_status":"closed","template":"","meta":{"footnotes":""},"class_list":["post-40","page","type-page","status-publish","hentry"],"_links":{"self":[{"href":"https:\/\/www.schelle.cz\/index.php?rest_route=\/wp\/v2\/pages\/40","targetHints":{"allow":["GET"]}}],"collection":[{"href":"https:\/\/www.schelle.cz\/index.php?rest_route=\/wp\/v2\/pages"}],"about":[{"href":"https:\/\/www.schelle.cz\/index.php?rest_route=\/wp\/v2\/types\/page"}],"author":[{"embeddable":true,"href":"https:\/\/www.schelle.cz\/index.php?rest_route=\/wp\/v2\/users\/1"}],"replies":[{"embeddable":true,"href":"https:\/\/www.schelle.cz\/index.php?rest_route=%2Fwp%2Fv2%2Fcomments&post=40"}],"version-history":[{"count":16,"href":"https:\/\/www.schelle.cz\/index.php?rest_route=\/wp\/v2\/pages\/40\/revisions"}],"predecessor-version":[{"id":628,"href":"https:\/\/www.schelle.cz\/index.php?rest_route=\/wp\/v2\/pages\/40\/revisions\/628"}],"up":[{"embeddable":true,"href":"https:\/\/www.schelle.cz\/index.php?rest_route=\/wp\/v2\/pages\/36"}],"wp:attachment":[{"href":"https:\/\/www.schelle.cz\/index.php?rest_route=%2Fwp%2Fv2%2Fmedia&parent=40"}],"curies":[{"name":"wp","href":"https:\/\/api.w.org\/{rel}","templated":true}]}}