{"id":45,"date":"2015-04-21T13:42:48","date_gmt":"2015-04-21T12:42:48","guid":{"rendered":"http:\/\/www.schelle.cz\/?page_id=45"},"modified":"2015-04-24T12:01:46","modified_gmt":"2015-04-24T11:01:46","slug":"trestni-pravo","status":"publish","type":"page","link":"https:\/\/www.schelle.cz\/?page_id=45","title":{"rendered":"Trestn\u00ed pr\u00e1vo"},"content":{"rendered":"<p><img loading=\"lazy\" decoding=\"async\" src=\"http:\/\/www.schelle.cz\/wp-content\/uploads\/2015\/04\/dot2.gif\" alt=\"dot2\" width=\"18\" height=\"40\" class=\"alignleft\" \/><\/p>\n<h6>TRESTN\u00cd PR\u00c1VO<\/h6>\n<p class=\"sluzby\">Zastupov\u00e1n\u00ed v\u00a0trestn\u00edm \u0159\u00edzen\u00ed, v\u00fdkon obh\u00e1jce v trestn\u00edm \u0159\u00edzen\u00ed i ve vztahu k osob\u00e1m mladistv\u00fdm, v\u00fdkon opatrovnictv\u00ed ve v\u011bcech nezletilc\u016f, zastupov\u00e1n\u00ed po\u0161kozen\u00fdch jako zmocn\u011bnec po\u0161kozen\u00e9ho, zastoupen\u00ed ve vykon\u00e1vac\u00edm \u0159\u00edzen\u00ed v\u010detn\u011b sepisu p\u0159\u00edslu\u0161n\u00fdch pod\u00e1n\u00ed ve vztahu k tomuto \u0159\u00edzen\u00ed, zastupov\u00e1n\u00ed\/obhajoba ve v\u011bcech n\u00e1vrhu na obnovu \u0159\u00edzen\u00ed, v\u010detn\u011b sepisu n\u00e1vrh\u016f na obnovu \u0159\u00edzen\u00ed, pr\u00e1vn\u00ed slu\u017eby ve vztahu k trestn\u011bpr\u00e1vn\u00edm st\u00ed\u017enostem pro poru\u0161en\u00ed z\u00e1kona, zastupov\u00e1n\u00ed v trestn\u00edch kauz\u00e1ch u Nejvy\u0161\u0161\u00edho soudu \u010cR, \u00dastavn\u00edho soudu \u010cR i u mezin\u00e1rodn\u00edch soud\u016f, zastupov\u00e1n\u00ed v jedn\u00e1n\u00edch s media\u010dn\u00ed a proba\u010dn\u00ed slu\u017ebou, sepisy trestn\u011bpr\u00e1vn\u00edch rozbor\u016f\/odborn\u00fdch expert\u00edz, trestn\u00edch ozn\u00e1men\u00ed, n\u00e1rok\u016f po\u0161kozen\u00fdch na n\u00e1hradu \u0161kody v trestn\u00edm \u0159\u00edzen\u00ed, dohod o narovn\u00e1n\u00ed, p\u00edsemn\u00fdch pod\u00e1n\u00ed v r\u00e1mci p\u0159\u00edpravn\u00e9ho \u0159\u00edzen\u00ed a n\u00e1sledn\u00e9m \u0159\u00edzen\u00ed u soud\u016f, \u017e\u00e1dost\u00ed o milost prezidentu republiky a sepisy dal\u0161\u00edch pod\u00e1n\u00ed souvisej\u00edc\u00edch s trestn\u011bpr\u00e1vn\u00ed problematikou.<\/p>\n<p>&nbsp;<br \/>\n&nbsp;<br \/>\n&nbsp;<br \/>\n&nbsp;<br \/>\n&nbsp;<br \/>\n&nbsp;<br \/>\n&nbsp;<br \/>\n&nbsp;<br \/>\n&nbsp;<br \/>\n&nbsp;<br \/>\n&nbsp;<br \/>\n&nbsp;<br \/>\n&nbsp;<br \/>\n&nbsp;<br \/>\n&nbsp;<br \/>\n&nbsp;<br \/>\n&nbsp;<br \/>\n&nbsp;<br \/>\n&nbsp;<br \/>\n&nbsp;<br \/>\n&nbsp;<br \/>\n&nbsp;<br \/>\n&nbsp;<br \/>\n&nbsp;<br \/>\n&nbsp;<br \/>\n&nbsp;<\/p>\n","protected":false},"excerpt":{"rendered":"<p>TRESTN\u00cd PR\u00c1VO Zastupov\u00e1n\u00ed v\u00a0trestn\u00edm \u0159\u00edzen\u00ed, v\u00fdkon obh\u00e1jce v trestn\u00edm \u0159\u00edzen\u00ed i ve vztahu k osob\u00e1m mladistv\u00fdm, v\u00fdkon opatrovnictv\u00ed ve v\u011bcech nezletilc\u016f, zastupov\u00e1n\u00ed po\u0161kozen\u00fdch jako zmocn\u011bnec po\u0161kozen\u00e9ho, zastoupen\u00ed ve vykon\u00e1vac\u00edm \u0159\u00edzen\u00ed v\u010detn\u011b sepisu p\u0159\u00edslu\u0161n\u00fdch pod\u00e1n\u00ed ve vztahu k tomuto \u0159\u00edzen\u00ed, zastupov\u00e1n\u00ed\/obhajoba &hellip; <a href=\"https:\/\/www.schelle.cz\/?page_id=45\">Cel\u00fd p\u0159\u00edsp\u011bvek <span class=\"meta-nav\">&rarr;<\/span><\/a><\/p>\n","protected":false},"author":1,"featured_media":0,"parent":16,"menu_order":7,"comment_status":"closed","ping_status":"closed","template":"","meta":{"footnotes":""},"class_list":["post-45","page","type-page","status-publish","hentry"],"_links":{"self":[{"href":"https:\/\/www.schelle.cz\/index.php?rest_route=\/wp\/v2\/pages\/45","targetHints":{"allow":["GET"]}}],"collection":[{"href":"https:\/\/www.schelle.cz\/index.php?rest_route=\/wp\/v2\/pages"}],"about":[{"href":"https:\/\/www.schelle.cz\/index.php?rest_route=\/wp\/v2\/types\/page"}],"author":[{"embeddable":true,"href":"https:\/\/www.schelle.cz\/index.php?rest_route=\/wp\/v2\/users\/1"}],"replies":[{"embeddable":true,"href":"https:\/\/www.schelle.cz\/index.php?rest_route=%2Fwp%2Fv2%2Fcomments&post=45"}],"version-history":[{"count":7,"href":"https:\/\/www.schelle.cz\/index.php?rest_route=\/wp\/v2\/pages\/45\/revisions"}],"predecessor-version":[{"id":567,"href":"https:\/\/www.schelle.cz\/index.php?rest_route=\/wp\/v2\/pages\/45\/revisions\/567"}],"up":[{"embeddable":true,"href":"https:\/\/www.schelle.cz\/index.php?rest_route=\/wp\/v2\/pages\/16"}],"wp:attachment":[{"href":"https:\/\/www.schelle.cz\/index.php?rest_route=%2Fwp%2Fv2%2Fmedia&parent=45"}],"curies":[{"name":"wp","href":"https:\/\/api.w.org\/{rel}","templated":true}]}}

Trestní právo

<p><img loading="lazy" decoding="async" src="http://www.schelle.cz/wp-content/uploads/2015/04/dot2.gif" alt="dot2" width="18" height="40" class="alignleft" /></p>
<h6>TRESTNÍ PRÁVO</h6>
<p class="sluzby">Zastupování v trestním řízení, výkon obhájce v trestním řízení i ve vztahu k osobám mladistvým, výkon opatrovnictví ve věcech nezletilců, zastupování poškozených jako zmocněnec poškozeného, zastoupení ve vykonávacím řízení včetně sepisu příslušných podání ve vztahu k tomuto řízení, zastupování/obhajoba ve věcech návrhu na obnovu řízení, včetně sepisu návrhů na obnovu řízení, právní služby ve vztahu k trestněprávním stížnostem pro porušení zákona, zastupování v trestních kauzách u Nejvyššího soudu ČR, Ústavního soudu ČR i u mezinárodních soudů, zastupování v jednáních s mediační a probační službou, sepisy trestněprávních rozborů/odborných expertíz, trestních oznámení, nároků poškozených na náhradu škody v trestním řízení, dohod o narovnání, písemných podání v rámci přípravného řízení a následném řízení u soudů, žádostí o milost prezidentu republiky a sepisy dalších podání souvisejících s trestněprávní problematikou.</p>
<p>&nbsp;<br />
&nbsp;<br />
&nbsp;<br />
&nbsp;<br />
&nbsp;<br />
&nbsp;<br />
&nbsp;<br />
&nbsp;<br />
&nbsp;<br />
&nbsp;<br />
&nbsp;<br />
&nbsp;<br />
&nbsp;<br />
&nbsp;<br />
&nbsp;<br />
&nbsp;<br />
&nbsp;<br />
&nbsp;<br />
&nbsp;<br />
&nbsp;<br />
&nbsp;<br />
&nbsp;<br />
&nbsp;<br />
&nbsp;<br />
&nbsp;<br />
&nbsp;</p>

<p>TRESTNÍ PRÁVO Zastupování v trestním řízení, výkon obhájce v trestním řízení i ve vztahu k osobám mladistvým, výkon opatrovnictví ve věcech nezletilců, zastupování poškozených jako zmocněnec poškozeného, zastoupení ve vykonávacím řízení včetně sepisu příslušných podání ve vztahu k tomuto řízení, zastupování/obhajoba &hellip; <a href="https://www.schelle.cz/?page_id=45">Celý příspěvek <span class="meta-nav">&rarr;</span></a></p>
