{"id":90,"date":"2015-04-21T14:15:12","date_gmt":"2015-04-21T13:15:12","guid":{"rendered":"http:\/\/www.schelle.cz\/?page_id=90"},"modified":"2015-04-23T08:36:14","modified_gmt":"2015-04-23T07:36:14","slug":"publikacni-cinnost-clanky-v-dennim-tisku-doc-judr-karel-schelle-csc","status":"publish","type":"page","link":"https:\/\/www.schelle.cz\/?page_id=90","title":{"rendered":"\u010cl\u00e1nky v denn\u00edm tisku"},"content":{"rendered":"<h2>PUBLIKA\u010cN\u00cd \u010cINNOST &#8211; \u010cl\u00e1nky v denn\u00edm tisku<\/h2>\n<h6>Doc. JUDr. Karel Schelle, CSc. <\/h6>\n<ol>\n<li><b>Schelle, K.<\/b>:<i> P\u0159\u00edsp\u011bvek k zespole\u010den\u0161t\u011bn\u00ed na\u0161eho pr\u016fmyslu.<\/i> Rovnost, 31. \u0159\u00edjna 1978<\/li>\n<li><b>Schelle, K.<\/b>:<i> Operace &#8222;Valk\u00fdra&#8220;.<\/i> Rovnost, 21. \u010dervence 1979.<\/li>\n<li><b>Schelle, K.<\/b>:<i> Uz\u00e1kon\u011bn\u00ed krutosti.<\/i> Rovnost, 26. ledna 1980.<\/li>\n<li><b>Schelle, K.<\/b> &#8211; Malenovsk\u00fd, J.:<i> O m\u00edru v roce 1462.<\/i> Rovnost, 19. dubna 1980.<\/li>\n<li><b>Schelle, K.<\/b>:<i> Ji\u0159\u00ed z Pod\u011bbrad a Morava.<\/i> Rovnost, 28. b\u0159ezna 1981.<\/li>\n<li><b>Schelle, K.<\/b> &#8211; Mates, P.:<i> Brn\u011bn\u0161t\u00ed vysoko\u0161kol\u00e1ci jednotn\u011b v boji.<\/i> Rovnost, 11. dubna 1981.<\/li>\n<li><b>Schelle, K.<\/b>:<i> Za vl\u00e1dy Karla IV.<\/i> Rovnost, 16. kv\u011btna 1981.<\/li>\n<li><b>Schelle, K.<\/b>:<i> Obdob\u00ed velk\u00fdch reforem.<\/i> Rovnost, 14. listopadu 1981.<\/li>\n<li><b>Schelle, K.<\/b> &#8211; Mates, P.:<i> Hradeck\u00fd program a dne\u0161ek.<\/i> Rovnost, 3. dubna 1982.<\/li>\n<li><b>Schelle, K.<\/b>:<i> Atent\u00e1t na vraha.<\/i> Rovnost, 22. kv\u011btna 1982.<\/li>\n<li><b>Schelle, K.<\/b>:<i> Cestou m\u00edru a pokroku.<\/i> Brn\u011bnsk\u00fd ve\u010dern\u00edk, 29. prosince 1982.<\/li>\n<li><b>Schelle, K.<\/b>:<i> Publikace k volb\u00e1m.<\/i> Brn\u011bnsk\u00fd ve\u010dern\u00edk, 6. kv\u011btna 1986.<\/li>\n<li><b>Schelle, K.<\/b>:<i> V\u00fdznam trestn\u00edho pr\u00e1va p\u0159i realizaci Budovatelsk\u00e9ho programu (1. \u010d\u00e1st).<\/i> Bezpe\u010dnost, 7. srpna 1986 (\u010d. 32).<\/li>\n<li><b>Schelle, K.<\/b>:<i> V\u00fdznam trestn\u00edho pr\u00e1va p\u0159i realizaci Budovatelsk\u00e9ho programu (2. \u010d\u00e1st).<\/i> Bezpe\u010dnost, 14. srpna 1986 (\u010d. 33).<\/li>\n<li><b>Schelle, K.<\/b>:<i> Trestn\u00ed pr\u00e1vo v Bulharsku.<\/i> Bezpe\u010dnost, 28. srpna 1986 (\u010d. 35).<\/li>\n<li><b>Schelle, K.<\/b>:<i> Dvouletka (40. v\u00fdro\u010d\u00ed schv\u00e1len\u00ed Budovatelsk\u00e9ho programu).<\/i> Hospod\u00e1\u0159sk\u00e9 noviny, 17. \u0159\u00edjna 1986 (\u010d. 42).<\/li>\n<li><b>Schelle, K.<\/b>:<i> Po\u010d\u00e1tku trestn\u00edho pr\u00e1va v Polsku p\u0159ed 40 lety.<\/i> Bezpe\u010dnost, 11. z\u00e1\u0159\u00ed 1986 (\u010d. 37).<\/li>\n<li><b>Schelle, K.<\/b>:<i> Trestn\u00ed pr\u00e1vo v Ma\u010farsku.<\/i> Bezpe\u010dnost, 20. listopadu 1986 (\u010d. 47).<\/li>\n<li><b>Schelle, K.<\/b>:<i> Program n\u00e1rodn\u00ed revoluce.<\/i> Brn\u011bnsk\u00fd ve\u010dern\u00edk, 6. dubna 1987.<\/li>\n<li><b>Schelle, K.<\/b>:<i> Hradec 1947.<\/i> Hospod\u00e1\u0159sk\u00e9 noviny, 10. dubna 1987 (\u010d. 15).<\/li>\n<li><b>Schelle, K.<\/b>:<i> V\u00fdvoj trestn\u00ed odpov\u011bdnosti mladistv\u00fdch (Sou\u010dasn\u00e1 pr\u00e1vn\u00ed \u00faprava).<\/i> Bezpe\u010dnost, 19. b\u0159ezna 1987 (\u010d. 12).<\/li>\n<li><b>Schelle, K.<\/b>:<i> V\u00fdvoj trestn\u00ed odpov\u011bdnosti mladistv\u00fdch (Mo\u017enosti dal\u0161\u00edho v\u00fdvoje).<\/i> Bezpe\u010dnost, 2. dubna 1987 (\u010d. 14).<\/li>\n<li><b>Schelle, K.<\/b>:<i> Laskavost pana Marshalla (1. \u010d\u00e1st).<\/i> Hospod\u00e1\u0159sk\u00e9 noviny, 3. \u010dervence 1987 (\u010d. 27).<\/li>\n<li><b>Schelle, K.<\/b>:<i> Laskavost pana Marshalla (2. \u010d\u00e1st).<\/i> Hospod\u00e1\u0159sk\u00e9 noviny, 10. \u010dervence 1987 (\u010d. 28).<\/li>\n<li><b>Schelle, K.<\/b>:<i> Boj o milion\u00e1\u0159skou d\u00e1vku.<\/i> Hospod\u00e1\u0159sk\u00e9 noviny, 21. srpna 1987 (\u010d. 34).<\/li>\n<li><b>Schelle, K.<\/b> &#8211; Mates, P.:<i> D\u016fsledky zrady.<\/i> Zem\u011bd\u011blsk\u00e9 noviny, 1. \u0159\u00edjna 1988.<\/li>\n<li><b>Schelle, K.<\/b> &#8211; Mates, P.:<i> Z historie spr\u00e1vy m\u011bsta.<\/i> Brn\u011bnsk\u00fd ve\u010dern\u00edk, 25. z\u00e1\u0159\u00ed 1990.<\/li>\n<li><b>Schelle, K.<\/b> &#8211; Mates, P.:<i> O trestu smrti.<\/i> Rovnost, 18. \u0159\u00edjna 1991.<\/li>\n<li><b>Schelle, K.<\/b>:<i> V\u011bdeck\u00e1 konference o realizaci Listiny z\u00e1kladn\u00edch pr\u00e1v a svobod v pr\u00e1vn\u00edm \u0159\u00e1du \u010cesk\u00e9 republiky.<\/i> Univerzitn\u00ed noviny, 0, 1993, \u010d. 0, s. 5.<\/li>\n<li><b>Schelle, K.<\/b>:<i> V\u011bdeck\u00e1 konference o pr\u00e1vn\u00ed v\u011bd\u011b v meziv\u00e1le\u010dn\u00e9m obdob\u00ed.<\/i> Univerzitn\u00ed noviny, 0, 1993, \u010d. 0, s. 6.<\/li>\n<li><b>Schelle, K.<\/b>:<i> Rozvoj vztah\u016f mezi brn\u011bnskou Pr\u00e1vnickou fakultou a The John Marshall Law School v Chicagu.<\/i> Univerzitn\u00ed noviny, 0, 1993, \u010d. 0, s. 6.<\/li>\n<li><b>Schelle, K.<\/b>:<i> \u010casopis pro pr\u00e1vn\u00ed v\u011bdu a praxi.<\/i> Univerzitn\u00ed noviny, 0, 1993, \u010d. 0, s. 26.<\/li>\n<li><b>Schelle, K.<\/b> &#8211; \u017didlick\u00e1, M.:<i> I. sympozium \u010desk\u00fdch a slovensk\u00fdch romanist\u016f.<\/i> Univerzitn\u00ed noviny, 1, 1994, \u010d. 1, s. 9.<\/li>\n<li><b>Schelle, K.<\/b>:<i> Beseda na Pr\u00e1vnick\u00e9 fakult\u011b.<\/i> Univerzitn\u00ed noviny, 1, 1994, \u010d. 2, s. 15.<\/li>\n<li><b>Schelle, K.<\/b>:<i> Zpr\u00e1va o Pr\u00e1vnick\u00e9 fakult\u011b MU.<\/i> Univerzitn\u00ed noviny, 1, 1994, \u010d. 3, s. 15 &#8211; 16.<\/li>\n<li><b>Schelle, K.<\/b> \u2013 Schelleov\u00e1, I.: <i>Preferovat nejen dra\u017ebu,<\/i> Konkursn\u00ed noviny, 6, 2003, \u010d. 21, s. 12 &#8211; 13.<\/li>\n<li><b>Schelle, K.<\/b>: <i>Je mo\u017en\u00e9 se br\u00e1nit proti p\u0159\u00edli\u0161 hlu\u010dn\u00fdm soused\u016fm?,<\/i> New Express, 5, 2003, \u010d. 10, s. 22.<\/li>\n<li><b>Schelle, K.<\/b> \u2013 Schelleov\u00e1, I.: <i>Mal\u00e9 uspokojen\u00ed pohled\u00e1vek,<\/i> Konkursn\u00ed noviny, 6, 2003, \u010d. 22, s. 1 &#8211; 3.<\/li>\n<li><b>Schelle, K.<\/b> \u2013 Marek, K.: <i>Zpen\u011b\u017een\u00ed konkurzn\u00ed podstaty a uzav\u0159en\u00ed kupn\u00ed smlouvy,<\/i> Konkursn\u00ed noviny, 6, 2003, \u010d. 24, s. 15; \u010d. 25, s. 1, 3; \u010d. 26, s. 15; 2004, \u010d. 1, s. 15.<\/li>\n<\/ol>\n","protected":false},"excerpt":{"rendered":"<p>PUBLIKA\u010cN\u00cd \u010cINNOST &#8211; \u010cl\u00e1nky v denn\u00edm tisku Doc. JUDr. Karel Schelle, CSc. Schelle, K.: P\u0159\u00edsp\u011bvek k zespole\u010den\u0161t\u011bn\u00ed na\u0161eho pr\u016fmyslu. Rovnost, 31. \u0159\u00edjna 1978 Schelle, K.: Operace &#8222;Valk\u00fdra&#8220;. Rovnost, 21. \u010dervence 1979. Schelle, K.: Uz\u00e1kon\u011bn\u00ed krutosti. Rovnost, 26. ledna 1980. Schelle, &hellip; <a href=\"https:\/\/www.schelle.cz\/?page_id=90\">Cel\u00fd p\u0159\u00edsp\u011bvek <span class=\"meta-nav\">&rarr;<\/span><\/a><\/p>\n","protected":false},"author":1,"featured_media":0,"parent":317,"menu_order":9,"comment_status":"closed","ping_status":"closed","template":"","meta":{"footnotes":""},"class_list":["post-90","page","type-page","status-publish","hentry"],"_links":{"self":[{"href":"https:\/\/www.schelle.cz\/index.php?rest_route=\/wp\/v2\/pages\/90","targetHints":{"allow":["GET"]}}],"collection":[{"href":"https:\/\/www.schelle.cz\/index.php?rest_route=\/wp\/v2\/pages"}],"about":[{"href":"https:\/\/www.schelle.cz\/index.php?rest_route=\/wp\/v2\/types\/page"}],"author":[{"embeddable":true,"href":"https:\/\/www.schelle.cz\/index.php?rest_route=\/wp\/v2\/users\/1"}],"replies":[{"embeddable":true,"href":"https:\/\/www.schelle.cz\/index.php?rest_route=%2Fwp%2Fv2%2Fcomments&post=90"}],"version-history":[{"count":2,"href":"https:\/\/www.schelle.cz\/index.php?rest_route=\/wp\/v2\/pages\/90\/revisions"}],"predecessor-version":[{"id":360,"href":"https:\/\/www.schelle.cz\/index.php?rest_route=\/wp\/v2\/pages\/90\/revisions\/360"}],"up":[{"embeddable":true,"href":"https:\/\/www.schelle.cz\/index.php?rest_route=\/wp\/v2\/pages\/317"}],"wp:attachment":[{"href":"https:\/\/www.schelle.cz\/index.php?rest_route=%2Fwp%2Fv2%2Fmedia&parent=90"}],"curies":[{"name":"wp","href":"https:\/\/api.w.org\/{rel}","templated":true}]}}